ousands digit of l?
1
Suppose -w + 703 = -3*x + 52810, -x = 3*w - 17349. What is the ten thousands digit of x?
1
What is the tens digit of (-773316)/(-84) + (-14)/98?
0
Let d(r) = -r + 4. Let o be d(-5). Let g = -153 + 154. Suppose -8*j = -o*j + g. What is the units digit of j?
1
Let w be -7*4/(-70)*20*1. Suppose w*o = -o - 1161. Let c = -97 - o. What is the tens digit of c?
3
Let s be (-96)/20 + (-8)/(-10). What is the tens digit of -669*s/(0 - -4)?
6
Let o = 240 - 237. Let u(w) = w**2 - 5*w. Let b be u(3). What is the tens digit of (-1)/o*b + (-338)/(-2)?
7
Let z be (-388)/(3*1 - 161/46). Suppose 5*g - 549 = z. What is the hundreds digit of g?
2
Let u(y) = 20*y + 88. Let g be u(-4). Suppose -5*o - 3*c + 4214 = 0, g*o - 11*o + 2536 = -2*c. What is the hundreds digit of o?
8
Let t be ((-6)/(-5))/((-18)/(-90)). Suppose 0 = -9*c - t*c. Suppose c = -7*v + 1782 - 53. What is the units digit of v?
7
Suppose 4*i + 8594 = 9951 + 20251. What is the thousands digit of i?
5
Suppose -4*r + 2*y = -30067 - 43191, -2*y - 91574 = -5*r. What is the units digit of r?
6
Suppose 22*x - 91934 - 254538 = -6*x. What is the ten thousands digit of x?
1
Let x(f) = 12*f + 6. Let p(k) = -2*k - 11. Let o be p(-15). Let v be 4/3*(22 - o). What is the tens digit of x(v)?
5
Let z = 84 - 82. Suppose 4 = -z*s, -5*s - 1 = t + 1. Suppose t*b - 680 = -112. What is the tens digit of b?
7
Suppose -4*u - 18 = 5*u. Let d be -2 - (u + (1 - (-69)/(-3))). Let c = 39 - d. What is the units digit of c?
7
Suppose -5*b - p + 10 = 0, 8 = -3*b - 5*p - 8. Suppose -3*m + 3*t = -261, -4*t - 78 = b*m - 4*m. What is the tens digit of m?
9
Let n(i) = 4*i - 8. Let s be n(3). Suppose s*j + 488 = q, -512 = -q - 5*j - 15. Suppose 10*x - 98 = q. What is the tens digit of x?
5
Suppose 3*k + 5*n = 1440, 3*k - 8*n - 1380 = -3*n. What is the tens digit of k?
7
Suppose -20*a + 91098 = 26*a - 37*a. What is the hundreds digit of a?
1
Let o(y) be the third derivative of 0*y + 5/12*y**4 + 0 + 20/3*y**3 - 9*y**2. What is the tens digit of o(7)?
1
Let l(g) = 3*g + 3. Let m be l(0). Suppose 0 = m*a - 32 - 73. What is the hundreds digit of (-165)/a - -5 - (-1699)/7?
2
Suppose -4*l + 0*l - 24 = 2*o, -2*l - 4 = -o. Let a(r) = -76*r - 14. What is the units digit of a(l)?
0
What is the tens digit of ((-55 - -25) + 23)/(2/(-1282))?
8
What is the thousands digit of (-7 - 15027/(-9))*63/6 + -1?
7
Suppose 0 = n - 3 - 5. What is the units digit of (30/24)/5 - (-2430)/n?
4
Suppose 4*m = p - 1744 - 4765, -3*p - 3*m = -19557. What is the hundreds digit of p?
5
Let q(t) = 6*t**3 - 5*t**2 - 4*t + 3. Let g = -94 - -99. Let x be q(g). Suppose 10*s - x = 6*s. What is the units digit of s?
2
Let c = -69 - -61. Let j be ((-249)/(-9))/(3/(-9)). Let a = c - j. What is the units digit of a?
5
Suppose 0 = 4*r - o - 68826, 23*o = -5*r + 26*o + 86036. What is the hundreds digit of r?
2
Suppose -q - 16 = -2*t + 2*q, -4*t + 16 = 2*q. Suppose 3*l + s = 20, -3*l = -t*l - 5*s + 22. Suppose l*a + 11 - 95 = 0. What is the tens digit of a?
1
Suppose -25 = -40*t + 45*t - 5*w, -55 = 5*t + w. What is the hundreds digit of 13252/16 + t/40?
8
Suppose 308 - 36 = -4*t. Let s = t + 401. Suppose 4*a - 199 = s. What is the hundreds digit of a?
1
What is the units digit of 2 + (-55014)/(-4) - ((-234)/12 + 17)?
8
What is the units digit of (-89119440)/4284*(-14)/4?
0
Let c(r) = 6*r**2 - 6*r + 6. Let o be c(1). Let k be 66/(-12)*o*-1. Suppose -k*d = -29*d - 704. What is the hundreds digit of d?
1
Suppose 32 = 9*n - 7*n. Suppose 7776 = 20*b + n. What is the tens digit of b?
8
Let j(s) = 4883*s - 1508. What is the thousands digit of j(6)?
7
Suppose 0 = w + 7*w - 3944. Let p = -330 + w. What is the hundreds digit of p?
1
What is the tens digit of -10 + -25104*(1120/(-30))/16?
6
Let r(y) = 277*y**2 + 180*y + 1985. What is the ten thousands digit of r(-12)?
3
Suppose 2*i - 161 = 23. What is the units digit of (i - 1) + 82/(-82)?
0
Suppose 0 = 6*f - 9*f - 18. Let o(z) = 37*z - 23. Let r(k) = 18*k - 12. Let n(p) = f*o(p) + 11*r(p). What is the hundreds digit of n(-5)?
1
Suppose -5*g + 103 = -137. Suppose -2*s + 3*q + 1 = -24, -4*s + 4*q + g = 0. Suppose -m + 4*d = -15, -m + 7 = -3*d - s. What is the units digit of m?
7
Let v(h) = h**2 - 17*h + 50. Let i be v(15). Let r = i + 12. Suppose -6*f + 1148 = r. What is the hundreds digit of f?
1
What is the thousands digit of (-68931)/(-162)*(70 + 4)?
1
Suppose 34459 = 40*n - 38*n - 5*f, 2*n + f = 34489. What is the hundreds digit of n?
2
Let z = -119 - -129. What is the hundreds digit of ((-24)/z)/((-6)/315)?
1
Let a be 2/((-10)/15) - -6. Suppose 5*k + a*s = 57, -k + 2*s = -4*k + 35. Suppose -k*f = -f - 1408. What is the tens digit of f?
7
What is the hundreds digit of 69807/((-1984)/(-704) + (40/(-22) - -2))?
2
Let n = -192 - -192. Suppose 0 = -n*c + 10*c - 2390. What is the hundreds digit of c?
2
Suppose u + 3*p = 8*p + 25, -u + p = -9. Suppose -166 = u*b - 481. What is the units digit of b?
3
Suppose 0*n + 4*n = -9*n + 89479. What is the tens digit of n?
8
Suppose 100*n + 381*n - 1814775 - 5378099 = 0. What is the thousands digit of n?
4
Let c(b) be the first derivative of -13*b**4 - 2*b**3/3 + b**2/2 - 18. Let a be c(-1). Let s = 9 + a. What is the units digit of s?
8
What is the units digit of 1 - -69429 - 0/(((-144)/9)/(-8))?
0
Suppose -4*y + 2*d - 16 = 0, -5*y + 2*d = 17 + 1. Let j be (172/3 + y)*(-6)/(-4). Suppose 15 + j = u. What is the units digit of u?
8
Let a = -117 + 70. Let s = a - -73. What is the tens digit of s?
2
Suppose 4*f = 5*p - 39269, -7107 - 730 = -p + 5*f. What is the thousands digit of p?
7
Let s = -323 + 772. Suppose 3*r + 4*i = 3*i + 809, r = i + 263. Let p = s - r. What is the hundreds digit of p?
1
Suppose 2*b + 14 = 3*g, -2*g - 5*b + 2*b = 8. Suppose -g*c = -3 - 3, -5*r + 1497 = 4*c. What is the units digit of r?
7
Let s be ((-4)/(-14))/(17/119). What is the thousands digit of 1452 - ((-5 - -11) + s)?
1
Suppose 4*k + 2*u = 109174, 0 = 317*u - 315*u - 6. What is the units digit of k?
2
Let l = 18837 + 9252. What is the units digit of l?
9
Let j(u) = -90*u**2 + 4*u + 2. Let d be j(-3). Let a = 1328 + d. What is the hundreds digit of a?
5
Let r be (7 + 49/(-7))*(1 + 0). Suppose r = o - 50 - 125. What is the tens digit of o?
7
What is the units digit of (-4)/16 + (3451041/(-44))/(-11)?
0
Let b(h) = 65*h**2 + 1. Let r = -61 - -70. Suppose v = r*v - 8. What is the tens digit of b(v)?
6
Let a = 4765 + 4312. What is the hundreds digit of a?
0
Let o = 5814 + -3325. What is the hundreds digit of o?
4
Let o be 1 - (-3014)/8 - (-3)/12. Suppose 2*b + 12 = 2*a, -2*b = 4*a - 11 - 1. Suppose 5*f = -a*f + o. What is the tens digit of f?
4
Let b = -1633 - 57. Let z = -911 - b. What is the tens digit of z?
7
Let b(f) = -19*f**3 + 2*f**2 + 8*f + 17. Let w be b(-2). Suppose -2*m + 24 = 68. Let u = w + m. What is the tens digit of u?
3
Suppose 10*y + 3*w - 94 = 14*y, w = -2. What is the units digit of (-1 - -1) + 2/((-10)/y)?
5
Let t = -11914 - -27483. What is the tens digit of t?
6
Suppose 407*w - 403*w - 16 = 0. What is the hundreds digit of 3/w - (-113369)/292?
3
Suppose -4208579 = -203*r + 680676. What is the thousands digit of r?
4
Suppose 4299 = 3*h + 2*o - 7225, h + o - 3842 = 0. What is the thousands digit of h?
3
Let k = -255 + 370. Suppose 3*q + j = 727, -2*q + k + 381 = -5*j. What is the tens digit of q?
4
Let j(q) = -309*q + 4195. What is the hundreds digit of j(-19)?
0
Suppose -2*n + n = 11. Let t be (140/(-21) + 5)/(0 + (-2)/48). Let s = t + n. What is the units digit of s?
9
Suppose -29 = -o - h, 48 = 2*o + h - 5. Let s be 192/(-15) + o/30. What is the units digit of (6/s)/(1/(-48))?
4
What is the hundreds digit of 10/(-6) - 491062/(-78)?
2
Suppose 3*d + 135 = 3*p - 0*p, 2*p + 5*d - 97 = 0. Suppose l = -8*f + 5*f + p, 196 = 5*l - 2*f. What is the tens digit of l?
4
What is the thousands digit of (-52 - -6404)/(2/10)?
1
Let p be (-1 + -9*29)*25/(-50). Let u = 377 + p. What is the hundreds digit of u?
5
What is the tens digit of ((-40)/7)/((-182)/159887)?
2
Let x be (16/(-6))/(-2) + 1238/3. Suppose -212*o + 213*o = x. What is the hundreds digit of o?
4
Suppose -5*u + 5*b + 56452 = -15428, 5 = b. What is the thousands digit of u?
4
Let z(p) = 124*p - 30. Let d be z(7). Suppose 667 + d = 5*k. What i